p - 0*p + 356, 3*p = -4*d + 277. Suppose 105*a - 2790 = p*a. Calculate the greatest common divisor of 5 and a.
5
Let j(n) = 94*n**2 - 269*n - 2. Let h be j(5). What is the highest common factor of 649 and h?
59
Let k = -796 - -50. Let b = k + 1266. What is the highest common factor of 80 and b?
40
Let c = -10370 + 11481. What is the greatest common divisor of 303 and c?
101
Let a be 12/(-198) - (-24302)/110 - (-2)/15. Calculate the highest common divisor of 767 and a.
13
Suppose 0 = 6*u - 2*u - 3*n - 447, 5*u - 558 = 3*n. Suppose -6 = u*i - 113*i. What is the greatest common factor of i and 147?
3
Let y be 152/(-1)*(1 + -4). Suppose 18*c = -17 + 83 + 366. Calculate the highest common divisor of c and y.
24
Let w(b) = b**2 + 8*b - 16. Let x be w(-11). Suppose x - 21 = 2*o. Let r be 85*(o + 12/5). What is the highest common factor of 306 and r?
34
Let m(q) = 55*q**2 - 604*q - 88. Let v be m(17). Calculate the highest common factor of 955 and v.
191
Let m(f) be the third derivative of f**5/60 + 2*f**4/3 - 5*f**3/3 - 30*f**2. Let a be m(-20). Let l = 34 + a. What is the greatest common factor of 26 and l?
26
Suppose -65 = -6*i + 19*i. Let t be 95/2*(-3 - i) - -4. Let d(h) = -10*h**3 + h**2 - h - 1. Let l be d(-1). Calculate the greatest common factor of t and l.
11
Let i(u) = -34*u - 2040. Let t be i(-79). Suppose -41 + 117 = 2*z. Calculate the greatest common divisor of z and t.
38
Let n = 245 - 277. Let z be 52*2*(-4)/n*28. Calculate the greatest common factor of 7 and z.
7
Let d be (-15)/6*(4 - (-54)/(-5)). Let l = -4 + 6. Let k be d + 35 - (0 + l). What is the highest common factor of k and 20?
10
Suppose -2*r + 3*s - 44 = 0, 4*r + 0*r = -s - 102. Let y = r - -43. Let b be (-11)/154 - (-5044)/56. What is the greatest common factor of y and b?
18
Let k = -7264 + 10512. Calculate the highest common factor of k and 224.
112
Let z(s) = 2*s**3 + 46*s**2 + 43*s - 20. Let y be z(-22). Suppose -2*b + 756 - 84 = y*u, 2*b = 2*u + 688. Calculate the highest common divisor of 20 and b.
20
Suppose 5*r - 5 = 3*g, 0 = -3*r + 2*r - 3*g + 1. Suppose 19*t + 134*t + 56*t - 627 = 0. Calculate the highest common divisor of r and t.
1
Let p be 2970/4*(11 - (-561)/(-55)). Suppose p - 124 = 10*f. Calculate the highest common divisor of f and 47.
47
Suppose 5*s - 6969 = 2*s - 3*c, s - 2351 = 3*c. Calculate the highest common factor of 10 and s.
10
Suppose 4*t - 2*x - 175 = -7*x, -28*t - 2*x = -1390. Calculate the highest common divisor of 3425 and t.
25
Let c = 14 - 1. Let s(m) = 2*m - 29. Let f be s(15). Let a be (f/(-4))/(-1) + 1554/24. Calculate the highest common divisor of c and a.
13
Let t be 17 + -8 - -502 - 11. What is the highest common divisor of 610 and t?
10
Suppose -636 = -5*j + 504. Let i be (3 - (-21)/(-9))/(2/j). What is the highest common factor of 95 and i?
19
Let s = 8765 - 7655. What is the greatest common factor of s and 110?
10
Suppose -174 = 5*n - 124. Let k(w) = w**3 + 11*w**2 + 2*w - 77. Let l be k(n). What is the greatest common factor of 111 and l?
3
Let h = -26239 - -26460. Calculate the greatest common factor of 36244 and h.
221
Let r be (-36)/(-27)*(-9)/(-2). Let w be 3*(-2)/(-6) - (-23 - r). What is the highest common divisor of w and 15?
15
Let q(y) = 17*y**2 - 300*y + 115. Let m be q(-18). What is the highest common divisor of 219 and m?
73
Let y = 10 + 18. Suppose 4446*m - 4*x = 4447*m - 59, -4*m - 2*x + 152 = 0. What is the highest common factor of y and m?
7
Let t = 1299 + -1282. What is the greatest common factor of t and 6?
1
Let k be (-4269)/(-15) - ((-7)/5 - -1). Let i = 86 + -29. What is the greatest common factor of k and i?
57
Suppose -4*i = -5*d - 56, 147*i - 142*i - 4*d - 88 = 0. What is the highest common factor of i and 344?
8
Suppose 0 = 54*g - 10848 - 1032. What is the greatest common divisor of 385 and g?
55
Suppose -4*h + 0 - 12 = 0, 4*l - h = 67. Suppose l*d - 632 = -248. Calculate the highest common factor of d and 72.
24
Suppose 62604 = 43*g - 27696. What is the greatest common divisor of g and 105?
105
Let o(q) = -12*q**2 - 1512*q + 71. Let k be o(-126). What is the highest common divisor of k and 11857?
71
Let u = -6315 - -6327. What is the highest common divisor of u and 9120?
12
Let b be (3 + -2)*(2 - -8). Let c be 6 + -2 + 94/(-2). Let j = c - -68. What is the highest common factor of j and b?
5
Let t(i) be the second derivative of i**4/12 - 3*i**3 - 142*i**2 - 3*i - 39. Let w be t(29). What is the highest common divisor of 105 and w?
35
Let w(d) = 2*d**2 + 2*d - 4. Let j be w(-3). Let m = j + -4. Let l = 247 - 211. Calculate the greatest common divisor of l and m.
4
Let i(r) = 401*r**2 + 4*r. Let t be i(4). What is the highest common factor of 24 and t?
24
Suppose 4 = 4*z, -4*y + 5*z + 303 + 420 = 0. Let q be 3/45*(-760)/228 + 353/9. Calculate the highest common divisor of y and q.
13
Let d be ((-48)/(-14))/((-24)/(-84)). Let f be 4 - -1 - (1 + 0). Suppose -2*i - 2*l - 4 = -d, 0 = -i + 2*l + f. Calculate the highest common factor of 4 and i.
4
Suppose -15898 = -4*l + 2*y, -5*l + 5*y + 3316 + 16544 = 0. What is the highest common factor of l and 291?
97
Suppose 371*c + q = 368*c + 5920, -3*q + 3956 = 2*c. Calculate the greatest common factor of 116 and c.
116
Suppose -817*h = -807*h - 2440. What is the greatest common divisor of h and 8418?
122
Suppose 0*t + 4 = 2*t. Let f(j) = -410*j - 1229. Let r be f(-3). What is the greatest common divisor of t and r?
1
Let o be (-112)/(-6)*1938/136. Let g be 126*(18/(-54))/(-1 + 0). Calculate the highest common divisor of o and g.
14
Let f(g) = -245*g - 130. Let d be f(-1). Calculate the greatest common divisor of d and 55.
5
Let k be (1 - 390/18)/((-2)/3). Suppose 9*j - 257 = k. Suppose 23*i - 25*i + j = 0. Calculate the greatest common factor of 2 and i.
2
Let c(j) = j**2 - 11*j + 32. Let i be c(6). Suppose 4*p + 4*t + 8 = 7*p, -p + i*t = -2. What is the highest common divisor of 4 and p?
4
Let w(g) = -38*g + 1. Let h be w(-4). Let i(o) = -472*o - 7956. Let j be i(-17). Calculate the highest common divisor of j and h.
17
Let w = -2962 + 2973. Calculate the greatest common divisor of w and 1903.
11
Suppose -m = 14*q - 10*q - 30, 0 = -m + 3*q + 2. What is the greatest common divisor of m and 134?
2
Suppose 2*r = 5*i - 13828 - 4600, 3*i = 3*r + 11055. What is the greatest common factor of i and 38?
38
Let g be 4*((-4)/8)/1 - -6. Let t be -1*(-2 + (-1 - g)). Suppose -4*h = 4, 2*u - 32 = u - 3*h. Calculate the highest common factor of t and u.
7
Let m(b) = -48*b + 164. Let f be m(-3). What is the highest common factor of f and 693?
77
Let j be 392120/35 + 6 + (217/(-49) - -4). What is the highest common factor of 11 and j?
11
Let u = 65 + -69. Let j be (3 + 0 + u)/(-2 + 1). Suppose 0 = -i - 4*c + 12, 3*c = 4*c - j. What is the greatest common factor of 1 and i?
1
Suppose -29*a + 31*a = -42. Let l = a + 154. Let n be 2/6*7*3. Calculate the highest common factor of l and n.
7
Let f = -12476 - -12662. Calculate the highest common factor of 21018 and f.
186
Suppose -16 = -4*a, -5*h = a + a + 592. Suppose -13*c - 1512 = 5*c. Let r = c - h. Calculate the greatest common divisor of 4 and r.
4
Let q(f) be the third derivative of f**4/8 + 64*f**3/3 + 15*f**2. Let a be q(-20). What is the greatest common factor of a and 4?
4
Let p(y) be the first derivative of y**3/3 - 21*y + 65. Let f = 15 + -6. Let v be p(f). What is the greatest common factor of 12 and v?
12
Let v = 217 - 212. Let t(m) = -m + 18. Let x be t(v). Suppose -3*q = -54 - 375. What is the highest common divisor of q and x?
13
Suppose -5*i + i + 16 = 0. Let g = 94 + -74. Let h be g/130 - 618/(-39). What is the highest common factor of h and i?
4
Let g be 35084/147 - 22/33. Let m be (-3 - -3) + 0 + 28. Calculate the highest common factor of g and m.
14
Let o be (-1 + -14 - -9)*-10. Calculate the greatest common divisor of 1580 and o.
20
Let b(x) = 4*x**2 + x - 35. Let v be b(5). Let f = 9 - 7. Let c be 3*f*(-252)/(-54). Calculate the highest common divisor of v and c.
14
Let w = 2815 - 1217. Let a(d) = 93*d**2 + 4*d - 3. Let g be a(1). Calculate the highest common factor of g and w.
94
Suppose 12878 - 1574 = 157*p. What is the greatest common factor of p and 832?
8
Let z be (201/(3/(-3)))/(-6 - (-741)/130). What is the